(b) = -2*b - 6. Let n(c) = -12*j(c) - 3*l(c). Calculate n(3).
3
Let f(x) be the third derivative of 1/6*x**3 + 1/24*x**4 + 2*x - 1/60*x**5 - 16*x**2 + 0. Determine f(0).
1
Suppose 5*w + 6*f = 2*f + 46, -28 = -6*w + 2*f. Let x(g) be the first derivative of g**3/3 - 7*g**2/2 - 7*g - 4. What is x(w)?
-13
Let c = -58 - -64. Let z be (-36)/6 + 15 - c. Let j(k) = -4*k**2 + k**3 + 1 + 5*k**2 - 2*k - 3*k**2. What is j(z)?
4
Let d(j) be the third derivative of j**4/24 - 2*j**3/3 + 13*j**2. Let v(g) = -875 - g + 0*g + 880. Let s(y) = -6*d(y) - 5*v(y). Give s(0).
-1
Let d = 110 + -108. Let a be (-46)/(-4) + (15/6 - 3). Let y(j) = -4*j - j**2 + a*j - d + 8 - 3. Give y(6).
9
Let h be (2/5)/((-18)/(-315)). Let w(f) = 9*f + 3 + h*f**2 - 7 + 9*f**2 - 13*f**2. Let o(n) = -13*n**2 - 36*n + 15. Let g(y) = -2*o(y) - 9*w(y). Give g(-10).
-4
Let c = -146753 - -146744. Let p(f) = f - 1. Let k(t) = 3*t - 23. Let b(m) = -k(m) + 4*p(m). Calculate b(c).
10
Let q(o) = 16*o + 12*o - 22 - 11*o + 2*o. Let v(t) = 4*t - 1. Let z(a) = q(a) - 5*v(a). Determine z(0).
-17
Suppose -162144 = -20*q + 4*q. Let k(x) = 3 - q*x**2 - 2*x - 5 + 10133*x**2. Determine k(-3).
-5
Let q(k) be the third derivative of -k**5/60 - 7*k**4/12 - 16*k**3/3 + 20*k**2 + 30*k. What is q(-16)?
-64
Let c(r) = 20*r**2 + 34*r - 154. Let k(q) = 9*q**2 + 17*q - 74. Let y(l) = 5*c(l) - 11*k(l). What is y(14)?
2
Let r(v) be the first derivative of v**7/840 - v**6/90 - v**5/60 - v**4/12 - 7*v**3 - 177. Let w(y) be the third derivative of r(y). What is w(4)?
-10
Suppose -322*r + 285 - 637 = 292. Let o(b) be the third derivative of b**6/40 + b**4/12 + b**3/2 + b**2. Determine o(r).
-25
Suppose -7*z + 43 = -111. Let n = z - 18. Let y(o) = o**2 - 3*o. Give y(n).
4
Let m(b) = 4*b**2 + 132 + 13*b - 27*b + 129 - 249 - 5*b**2. Determine m(-15).
-3
Let p be (1 - 1) + (3 - 0 - 1). Let g(q) = -4*q**2 - 2*q**p + 7 - 2*q + 10*q**3 - 8*q**3 + 2*q**3 - 5*q**3. Calculate g(-5).
-8
Let p(y) = y**2 - 17*y - 9. Let a(l) = 2*l**2 - 26*l - 13. Let f(o) = 5*a(o) - 8*p(o). Let q(s) be the first derivative of f(s). Give q(-6).
-18
Let h(v) be the third derivative of 1/3*v**3 - 1/24*v**4 + 0*v + 0 - 1/30*v**5 + 46*v**2. What is h(-2)?
-4
Suppose 10*a = 5*q + 7*a - 8, -4*a = -16. Let k(m) = -73 + 5*m - q*m + 64. Determine k(-8).
-17
Let j(c) be the first derivative of -c**4/2 - 3*c**2/2 - 19*c - 6524. Calculate j(0).
-19
Let n(i) = -682*i + 10296. Let j(u) = -33*u + 498. Let s(w) = -165*j(w) + 8*n(w). Calculate s(17).
11
Let f be (10/(-2))/((11/12)/(-11)). Let y = f + -48. Suppose -5*o + y = 3*t + 5, 0 = -3*o - 3*t + 3. Let z(g) = -3*g**3 - g**2 - g + 2. Give z(o).
-28
Let i(k) = k**3 - 11*k**2 + k - 14. Let u be i(11). Let s(o) = 2938*o + 3164*o - 6101*o - 2. Calculate s(u).
-5
Let p(q) = -2*q + 2. Suppose 2*l - 8 = -0*l, -2*l = -2*y + 26. Let d = y - 15. Suppose 0 = -2*s - d*k - 8, -4*s + 2*k = k + 21. Calculate p(s).
12
Let f be (-116)/(-36) + 2/(-9). Let o(l) = -3*l - f*l**2 - l**2 - 1 - 2*l + 3*l. Let z(v) = v**3 + 9*v**2 - 4*v + 200. Let r be z(-11). Determine o(r).
-21
Suppose 136*a + 43*a + 640 = 51*a. Let s(l) = -l**2 - 4*l + 4. What is s(a)?
-1
Suppose 3519 = 1374*z - 1167*z. Let q(b) be the first derivative of -b**4/4 + 16*b**3/3 + 9*b**2 - 17*b - 1. What is q(z)?
0
Let q(t) = 5*t - 42. Suppose -215*y + 210*y = -5*k - 90, -4*k + 54 = 5*y. What is q(y)?
28
Let u(i) = -i**2 - 29*i - 4. Let k be u(-29). Let d be ((-3)/(-1) - 2) + k + 2. Let m(b) = -5*b + 1. Determine m(d).
6
Suppose 17*n + 3*o = n + 244, 0 = -2*n - o + 28. Let d(y) be the first derivative of -n + 1/4*y**4 + 8*y + 5*y**2 + 7/3*y**3. Determine d(-6).
-16
Suppose -49 = 4*l - 3*z, 3*l - 3*z + 18 = -7*z. Suppose 4*t = 6*t - 4. Let j(x) = -20*x**t - x - 8 + 21*x**2 + 3*x + 7*x. What is j(l)?
2
Let i(p) = 4*p**2 + 25*p - 12. Let g(c) = 4*c**2 + 24*c - 12. Let n(o) = -3*g(o) + 4*i(o). Let l be n(-7). Let w(q) = q**3 + 13*q**2 + 12*q - 11. What is w(l)?
-11
Let r(w) be the first derivative of -1/3*w**3 + 51 - 2*w**2 + 3*w. What is r(-5)?
-2
Suppose 9237 = 22*i + 1141. Let k = i + -364. Let w(l) = l**3 - 2*l**2 - 6*l - 1. Give w(k).
7
Let y(t) = -t**3 - 22*t**2 - 20*t - 5. Suppose 0 = -15*h + 3703 - 4018. Give y(h).
-26
Suppose 2*k + 1 = f, -262 + 257 = 3*f - 4*k. Let m(g) = -g**3 - 7*g**2 + 2*g - 9. Give m(f).
-23
Let t(z) = 3*z**2 + 6*z - 5. Let a be t(-2). Let d(s) = s**2 - 4*s - 29. Give d(a).
16
Let j(c) = c**2 + 14*c + 22. Suppose 4*o - 2*l = -25 - 5, 3 = -o + 2*l. What is j(o)?
-23
Let d(r) be the first derivative of r**3/3 - 6*r**2 - 9*r + 10709. Calculate d(13).
4
Let g be (-3 + 6)/((-1)/(-2)). Let z(y) = g - 8*y - 8*y + 19*y - 12. Calculate z(5).
9
Let x(d) = d**3 + 11*d**2 + 2*d + 2. Let s = -9024 - -9024. What is x(s)?
2
Let n(r) = -2*r**2 - r. Let i = 326 + -326. Let l be n(i). Let f(b) = -b**2 + 7. Calculate f(l).
7
Let j be (-14)/4*18/63 - -3. Let r(o) = 2*o**3 + 6*o**2 - 6*o + 4. What is r(j)?
32
Suppose 59*d = 176638 + 47031. Let b(j) = 6 - 3804*j + d*j - 7. Give b(-2).
25
Let g(m) = m**2 - m. Let k(r) = 1 + 2 + 13 - 3*r. Let o(z) = 4*z - 15. Let u(h) = 6*k(h) + 5*o(h). Let q be u(-12). Give g(q).
12
Let p(h) = -27*h**3 - 7*h**2 - 8*h - 18. Let a(v) = -230*v**3 - 57*v**2 - 65*v - 145. Let q(k) = 2*a(k) - 17*p(k). What is q(7)?
-40
Let w = -2937 - -2941. Let y(z) = -z**3 + 19*z + 4. Determine y(w).
16
Let f(o) = -5*o**2 + 1054*o - 842. Let w be f(210). Let z(v) = -5*v**3 + 1 + 4*v**2 + 2 + 4*v + 4*v**3. What is z(w)?
19
Let x(j) = 12*j + 17. Let k be -9 - (-3 + 1)*3. Let u(q) = 6*q + 10. Let d(l) = k*x(l) + 5*u(l). Determine d(1).
-7
Suppose -3*p = -q + 7, 4*q + 36*p - 34*p = 0. Let i(n) = 24*n**2 + 3*n. Calculate i(q).
27
Let m(s) be the third derivative of 0 + 0*s + 64*s**2 + 1/12*s**4 + 0*s**3. Give m(1).
2
Let y(s) be the first derivative of s**4/24 - 2*s**3/3 - 40*s**2 - 194. Let o(m) be the second derivative of y(m). Determine o(3).
-1
Let t(k) be the first derivative of k**3/6 + 9*k**2/2 + 87*k - 115. Let j(x) be the first derivative of t(x). Give j(-9).
0
Let h be 930/(-120) - 6/(-8). Let s(x) = -x**2 - 3*x - 5. Determine s(h).
-33
Let p be -70*(3 + 76/(-20)). Suppose 0*g = -7*g + p. Let h be 315/(-56) - 3/g. Let s(r) = r**3 + 6*r**2 + 2*r - 4. Calculate s(h).
-16
Let p(c) be the second derivative of -5*c**3/6 + c**2 - 12*c. Let f(o) = 3*o**2 + o. Suppose 1 + 0 = -a. Let j be f(a). What is p(j)?
-8
Let h = -7710 - -7702. Let r(t) be the third derivative of t**4/8 + 17*t**3/6 + t**2. Give r(h).
-7
Let s be -3 + 1 - 24/(6/(-2)). Let z(p) = -p**3 - 7*p**2 - 6*p - 14. Let g(n) = -n**2 - n + 1. Let v(d) = s*g(d) + z(d). Give v(-12).
-8
Suppose 0 = -y + 2*y. Let x(f) be the first derivative of 1/2*f**2 + 8 - 9*f + 1/4*f**4 + 0*f**3. Determine x(y).
-9
Suppose -2*w = 4*b + 10, 3*b - 24 = -13*w + 8*w. Let k(n) = n**3 - 10*n**2 + 9*n + 18. Give k(w).
18
Let t(i) = 3*i + 43. Let u(s) = 8358*s + 2 - 8357*s + 12. Let a(q) = -3*t(q) + 8*u(q). What is a(-8)?
-9
Let h(d) = 4*d - 1. Let m(v) = -22*v + 4. Let w be 4 + -1 + (0 - 5). Let s(g) = w*m(g) - 10*h(g). Give s(-1).
-2
Let n(c) = -4*c. Suppose 8*w - 5*w - 15 = 0. Suppose 0*y + w*y - 50 = 0. Suppose 2 - y = -4*s. Calculate n(s).
-8
Let u be (-12 - -17)/((-2)/(-2)). Let c(g) = -403 + 203 + g**3 + 2*g + u*g**2 + 199. Suppose -5*w - 5 = 0, -4*y + w - 19 = -0*w. Calculate c(y).
-11
Let n(w) = -w**2 + 4*w - 3. Let x = -24 - -28. Let i be n(x). Let r(m) = -m**2 - 4*m - 2. Let k(b) = b**2 + 4*b + 2. Let d(u) = 5*k(u) + 6*r(u). Determine d(i).
1
Let c(k) = -4*k**2 - 1. Let b(g) = 4. Let d(p) = -7. Let t(f) = 2*b(f) + d(f). Let j(h) = -c(h) - 2*t(h). Determine j(2).
15
Let o(z) = -24*z + 162. Let u = -9731 - -9738. Calculate o(u).
-6
Let p be 1 - 0 - (-1 + -1). Let b = -18 + 20. Let v(j) = -j**p - 28 - 25 + 46 + 6*j**b + 6*j. Give v(7).
-14
Suppose -2*n + 3*p = 12, 79*n - 2*p = 71*n + 12. Let m(k) be the third derivative of -1/24*k**4 + 0*k + 0 + 27*k**2 - 1/6*k**n. What is m(6)?
-7
Let k be 0/(6/(6/(-2))). Let x(s) be the second derivative of 1/20*s**5 - 1/12*s**4 - 5/2*s**2 + 1/6*s**3 + 0 + 20*s. What is x(k)?
-5
Let b(x) = 16 + 145*x**3 + 3056*x**2 - 2*x - 3076*x**2 - 144*x**3. Give b(20).
-24
Let v = 5862 + -5863. Let o(y) = -30*y**2 - 4*y - 6. Give o(v).
-32
Let z(v) = -34 - 3*v**2 - 19 + 89 - 21. What is z(-3)